{"id":7870,"date":"2025-01-24T13:44:28","date_gmt":"2025-01-24T13:44:28","guid":{"rendered":"https:\/\/ferraronisignature.com\/?page_id=7870"},"modified":"2026-04-13T06:46:06","modified_gmt":"2026-04-13T06:46:06","slug":"luce-di-serenita","status":"publish","type":"page","link":"https:\/\/ferraronisignature.com\/madtest\/luce-di-serenita\/","title":{"rendered":"Luce di serenit\u00e0"},"content":{"rendered":"\t\t<div data-elementor-type=\"wp-page\" data-elementor-id=\"7870\" class=\"elementor elementor-7870\" data-elementor-post-type=\"page\">\n\t\t\t\t<div class=\"elementor-element elementor-element-f2e09ed e-flex e-con-boxed e-con e-parent\" data-id=\"f2e09ed\" data-element_type=\"container\" data-e-type=\"container\">\n\t\t\t\t\t<div class=\"e-con-inner\">\n\t\t<div class=\"elementor-element elementor-element-1f84da7 e-con-full e-flex e-con e-child\" data-id=\"1f84da7\" data-element_type=\"container\" data-e-type=\"container\">\n\t\t\t\t<div class=\"elementor-element elementor-element-6aa2739 elementor-widget elementor-widget-image\" data-id=\"6aa2739\" data-element_type=\"widget\" data-e-type=\"widget\" data-widget_type=\"image.default\">\n\t\t\t\t<div class=\"elementor-widget-container\">\n\t\t\t\t\t\t\t\t\t\t\t\t\t\t\t<img fetchpriority=\"high\" decoding=\"async\" width=\"900\" height=\"506\" src=\"https:\/\/ferraronisignature.com\/madtest\/wp-content\/uploads\/2024\/12\/1-4.jpg\" class=\"attachment-full size-full wp-image-7160\" alt=\"Luce di serenit\u00e0 - Light of Serenity\" srcset=\"https:\/\/ferraronisignature.com\/madtest\/wp-content\/uploads\/2024\/12\/1-4.jpg 900w, https:\/\/ferraronisignature.com\/madtest\/wp-content\/uploads\/2024\/12\/1-4-300x169.jpg 300w, https:\/\/ferraronisignature.com\/madtest\/wp-content\/uploads\/2024\/12\/1-4-768x432.jpg 768w, https:\/\/ferraronisignature.com\/madtest\/wp-content\/uploads\/2024\/12\/1-4-600x337.jpg 600w, https:\/\/ferraronisignature.com\/madtest\/wp-content\/uploads\/2024\/12\/1-4-120x67.jpg 120w\" sizes=\"(max-width: 900px) 100vw, 900px\" \/>\t\t\t\t\t\t\t\t\t\t\t\t\t\t\t<\/div>\n\t\t\t\t<\/div>\n\t\t\t\t<\/div>\n\t\t<div class=\"elementor-element elementor-element-bf5a8b5 e-con-full e-flex e-con e-child\" data-id=\"bf5a8b5\" data-element_type=\"container\" data-e-type=\"container\">\n\t\t\t\t<div class=\"elementor-element elementor-element-bf84505 elementor-widget elementor-widget-heading\" data-id=\"bf84505\" data-element_type=\"widget\" data-e-type=\"widget\" data-widget_type=\"heading.default\">\n\t\t\t\t<div class=\"elementor-widget-container\">\n\t\t\t\t\t<h2 class=\"elementor-heading-title elementor-size-default\">Luce di serenit\u00e0<\/h2>\t\t\t\t<\/div>\n\t\t\t\t<\/div>\n\t\t\t\t<div class=\"elementor-element elementor-element-cc6206f elementor-widget elementor-widget-heading\" data-id=\"cc6206f\" data-element_type=\"widget\" data-e-type=\"widget\" data-widget_type=\"heading.default\">\n\t\t\t\t<div class=\"elementor-widget-container\">\n\t\t\t\t\t<h2 class=\"elementor-heading-title elementor-size-default\">180,00 \u20ac<\/h2>\t\t\t\t<\/div>\n\t\t\t\t<\/div>\n\t\t\t\t<div class=\"elementor-element elementor-element-f3a07c4 elementor-widget elementor-widget-text-editor\" data-id=\"f3a07c4\" data-element_type=\"widget\" data-e-type=\"widget\" data-widget_type=\"text-editor.default\">\n\t\t\t\t<div class=\"elementor-widget-container\">\n\t\t\t\t\t\t\t\t\t<p class=\"price\" style=\"text-align: justify;\">\u201cDolce Armonia\u201d \u00e8 il viaggio ideale per riscoprire il piacere di sentirsi bene dentro e fuori.<\/p>\n<p class=\"price\" style=\"text-align: justify;\">Iniziamo con un rilassante massaggio alla schiena, sciogliendo tensioni e alleviando lo stress, segue un esclusivo rituale di lavaggio e piega stilistica a base di oli essenziali e acqua termale, selezionati in base allo stato d\u2019animo. Il tutto avviene in un avvolgente lettino massaggiante che rilassa i muscoli di tutto il corpo rendendo il momento coinvolgente per i nostri 5 sensi.<\/p>\n\n<div class=\"woocommerce-product-details__short-description\">\n<p style=\"text-align: justify;\"><strong>Durata 75 minuti circa<\/strong><\/p>\n\n<ul>\n \t<li style=\"text-align: justify;\">Massaggio Schiena<\/li>\n \t<li style=\"text-align: justify;\">Piega Olistica<\/li>\n \t<li style=\"text-align: justify;\">Degustazione nella stanza lounge<\/li>\n<\/ul>\n<\/div>\t\t\t\t\t\t\t\t<\/div>\n\t\t\t\t<\/div>\n\t\t\t\t<div class=\"elementor-element elementor-element-aff9527 elementor-widget elementor-widget-text-editor\" data-id=\"aff9527\" data-element_type=\"widget\" data-e-type=\"widget\" data-widget_type=\"text-editor.default\">\n\t\t\t\t<div class=\"elementor-widget-container\">\n\t\t\t\t\t\t\t\t\t<p><a class=\"whatsapp-button\" href=\"https:\/\/wa.me\/3908351881656?text=Benvenuto\/a%20a%20Matera!%0AGrazie%20per%20aver%20scelto%20di%20vivere%20questa%20esperienza%20unica%20con%20noi:%20Luce%20di%20serenit%C3%A0.%0APer%20offrirti%20un%20servizio%20ancora%20pi%C3%B9%20personalizzato%20e%20garantire%20un%E2%80%99esperienza%20ottimale,%20ti%20invitiamo%20gentilmente%20a%20fornirci%20il%20tuo%20codice%20promozionale.%0ASiamo%20a%20tua%20disposizione%20per%20qualsiasi%20necessit%C3%A0%20e%20ti%20auguriamo%20un%E2%80%99esperienza%20indimenticabile!%0A%0AWelcome%20to%20Matera!%0A%0AThank%20you%20for%20choosing%20to%20embark%20on%20this%20unique%20experience%20with%20us:%20Luce%20di%20serenit%C3%A0.%0ATo%20ensure%20a%20more%20personalized%20service%20and%20an%20optimal%20experience,%20we%20kindly%20ask%20you%20to%20provide%20your%20promotion%20code.%0AShould%20you%20need%20any%20assistance,%20we%20are%20here%20to%20help.%20Wishing%20you%20an%20unforgettable%20experience!\" target=\"_blank\" rel=\"noopener noreferrer\"> <span class=\"whatsapp-text\">Acquista ora<\/span> <\/a> <style>\n.whatsapp-button {\n    display: inline-flex;\n    align-items: center;\n    justify-content: center;\n    background-color: #25D366; \/* Verde WhatsApp *\/\n    color: white;\n    padding: 10px 20px;\n    border-radius: 25px;\n    font-size: 16px;\n    font-weight: bold;\n    text-decoration: none;\n    box-shadow: 0 4px 6px rgba(0, 0, 0, 0.2);\n    transition: background-color 0.3s ease;\n}\n\n.whatsapp-button:hover {\n    background-color: #128C7E; \/* Colore pi\u00f9 scuro al passaggio *\/\n}\n\n.whatsapp-icon {\n    background-image: url('https:\/\/ferraronisignature.com\/madtest\/wp-content\/uploads\/2025\/01\/\u2014Pngtree\u2014whatsapp-white-icon_3570428.png');\n    background-size: contain;\n    background-repeat: no-repeat;\n    width: 24px;\n    height: 24px;\n    margin-right: 10px;\n}\n\n.whatsapp-text {\n    display: flex;\n    align-items: center;\n    justify-content: center;\n}\n<\/style><\/p>\t\t\t\t\t\t\t\t<\/div>\n\t\t\t\t<\/div>\n\t\t\t\t<div class=\"elementor-element elementor-element-78eace9 elementor-widget elementor-widget-art-light-button\" data-id=\"78eace9\" data-element_type=\"widget\" data-e-type=\"widget\" data-widget_type=\"art-light-button.default\">\n\t\t\t\t<div class=\"elementor-widget-container\">\n\t\t\t\t\t\r\n\r\n                            <div class=\"art-widget-button art--aliment- art--aliment-tablet- art--aliment-mobile-\">\r\n                        <a href=\"https:\/\/ferraronisignature.com\/luxury-experience\/\"  target=\"_blank\" rel=\"nofollow\" class=\"art-button art-button-light\">TORNA ALLE LUXURY EXPERIENCE<\/a>\r\n                    <\/div>\r\n                \r\n\r\n\r\n\r\n\r\n\r\n\r\n\r\n\t\t\t\t\t\t<\/div>\n\t\t\t\t<\/div>\n\t\t\t\t<\/div>\n\t\t\t\t\t<\/div>\n\t\t\t\t<\/div>\n\t\t\t\t<\/div>\n\t\t","protected":false},"excerpt":{"rendered":"<p>Luce di serenit\u00e0 180,00 \u20ac \u201cDolce Armonia\u201d \u00e8 il viaggio ideale per riscoprire il piacere di sentirsi bene dentro e fuori. Iniziamo con un rilassante massaggio alla schiena, sciogliendo tensioni e alleviando lo stress, segue un esclusivo rituale di lavaggio e piega stilistica a base di oli essenziali e acqua termale, selezionati in base allo [&hellip;]<\/p>\n","protected":false},"author":1,"featured_media":0,"parent":0,"menu_order":0,"comment_status":"closed","ping_status":"closed","template":"elementor-template.php","meta":{"_acf_changed":false,"inline_featured_image":false,"_joinchat":[],"footnotes":""},"class_list":["post-7870","page","type-page","status-publish","hentry"],"acf":[],"yoast_head":"<!-- This site is optimized with the Yoast SEO plugin v27.5 - https:\/\/yoast.com\/product\/yoast-seo-wordpress\/ -->\n<title>Luce di serenit\u00e0 - Ferraroni Signature<\/title>\n<meta name=\"description\" content=\"Luce di serenit\u00e0 \u00e8 un trattamento che rilassa i muscoli di tutto il corpo rendendo il momento coinvolgente per i nostri 5 sensi.\" \/>\n<meta name=\"robots\" content=\"index, follow, max-snippet:-1, max-image-preview:large, max-video-preview:-1\" \/>\n<link rel=\"canonical\" href=\"https:\/\/ferraronisignature.com\/madtest\/luce-di-serenita\/\" \/>\n<meta property=\"og:locale\" content=\"it_IT\" \/>\n<meta property=\"og:type\" content=\"article\" \/>\n<meta property=\"og:title\" content=\"Luce di serenit\u00e0 - Ferraroni Signature\" \/>\n<meta property=\"og:description\" content=\"Luce di serenit\u00e0 \u00e8 un trattamento che rilassa i muscoli di tutto il corpo rendendo il momento coinvolgente per i nostri 5 sensi.\" \/>\n<meta property=\"og:url\" content=\"https:\/\/ferraronisignature.com\/madtest\/luce-di-serenita\/\" \/>\n<meta property=\"og:site_name\" content=\"Ferraroni Signature\" \/>\n<meta property=\"article:publisher\" content=\"https:\/\/www.facebook.com\/ferraronisignaturehairspa\/\" \/>\n<meta property=\"article:modified_time\" content=\"2026-04-13T06:46:06+00:00\" \/>\n<meta property=\"og:image\" content=\"https:\/\/ferraronisignature.com\/madtest\/wp-content\/uploads\/2024\/12\/1-4.jpg\" \/>\n<meta name=\"twitter:card\" content=\"summary_large_image\" \/>\n<meta name=\"twitter:label1\" content=\"Tempo di lettura stimato\" \/>\n\t<meta name=\"twitter:data1\" content=\"1 minuto\" \/>\n<script type=\"application\/ld+json\" class=\"yoast-schema-graph\">{\"@context\":\"https:\\\/\\\/schema.org\",\"@graph\":[{\"@type\":\"WebPage\",\"@id\":\"https:\\\/\\\/ferraronisignature.com\\\/madtest\\\/luce-di-serenita\\\/\",\"url\":\"https:\\\/\\\/ferraronisignature.com\\\/madtest\\\/luce-di-serenita\\\/\",\"name\":\"Luce di serenit\u00e0 - Ferraroni Signature\",\"isPartOf\":{\"@id\":\"https:\\\/\\\/ferraronisignature.com\\\/madtest\\\/#website\"},\"primaryImageOfPage\":{\"@id\":\"https:\\\/\\\/ferraronisignature.com\\\/madtest\\\/luce-di-serenita\\\/#primaryimage\"},\"image\":{\"@id\":\"https:\\\/\\\/ferraronisignature.com\\\/madtest\\\/luce-di-serenita\\\/#primaryimage\"},\"thumbnailUrl\":\"https:\\\/\\\/ferraronisignature.com\\\/madtest\\\/wp-content\\\/uploads\\\/2024\\\/12\\\/1-4.jpg\",\"datePublished\":\"2025-01-24T13:44:28+00:00\",\"dateModified\":\"2026-04-13T06:46:06+00:00\",\"description\":\"Luce di serenit\u00e0 \u00e8 un trattamento che rilassa i muscoli di tutto il corpo rendendo il momento coinvolgente per i nostri 5 sensi.\",\"breadcrumb\":{\"@id\":\"https:\\\/\\\/ferraronisignature.com\\\/madtest\\\/luce-di-serenita\\\/#breadcrumb\"},\"inLanguage\":\"it-IT\",\"potentialAction\":[{\"@type\":\"ReadAction\",\"target\":[\"https:\\\/\\\/ferraronisignature.com\\\/madtest\\\/luce-di-serenita\\\/\"]}]},{\"@type\":\"ImageObject\",\"inLanguage\":\"it-IT\",\"@id\":\"https:\\\/\\\/ferraronisignature.com\\\/madtest\\\/luce-di-serenita\\\/#primaryimage\",\"url\":\"https:\\\/\\\/ferraronisignature.com\\\/madtest\\\/wp-content\\\/uploads\\\/2024\\\/12\\\/1-4.jpg\",\"contentUrl\":\"https:\\\/\\\/ferraronisignature.com\\\/madtest\\\/wp-content\\\/uploads\\\/2024\\\/12\\\/1-4.jpg\",\"width\":900,\"height\":506,\"caption\":\"Luce di serenit\u00e0 - Light of Serenity\"},{\"@type\":\"BreadcrumbList\",\"@id\":\"https:\\\/\\\/ferraronisignature.com\\\/madtest\\\/luce-di-serenita\\\/#breadcrumb\",\"itemListElement\":[{\"@type\":\"ListItem\",\"position\":1,\"name\":\"Home\",\"item\":\"https:\\\/\\\/ferraronisignature.com\\\/\"},{\"@type\":\"ListItem\",\"position\":2,\"name\":\"Luce di serenit\u00e0\"}]},{\"@type\":\"WebSite\",\"@id\":\"https:\\\/\\\/ferraronisignature.com\\\/madtest\\\/#website\",\"url\":\"https:\\\/\\\/ferraronisignature.com\\\/madtest\\\/\",\"name\":\"Ferraroni Signature Hair Spa\",\"description\":\"La prima Hair Spa dedicata ai capelli in Italia\",\"publisher\":{\"@id\":\"https:\\\/\\\/ferraronisignature.com\\\/madtest\\\/#organization\"},\"alternateName\":\"Ferraroni Signature\",\"potentialAction\":[{\"@type\":\"SearchAction\",\"target\":{\"@type\":\"EntryPoint\",\"urlTemplate\":\"https:\\\/\\\/ferraronisignature.com\\\/madtest\\\/?s={search_term_string}\"},\"query-input\":{\"@type\":\"PropertyValueSpecification\",\"valueRequired\":true,\"valueName\":\"search_term_string\"}}],\"inLanguage\":\"it-IT\"},{\"@type\":\"Organization\",\"@id\":\"https:\\\/\\\/ferraronisignature.com\\\/madtest\\\/#organization\",\"name\":\"Ferraroni Signature Hair Spa\",\"alternateName\":\"Ferraroni Signature\",\"url\":\"https:\\\/\\\/ferraronisignature.com\\\/madtest\\\/\",\"logo\":{\"@type\":\"ImageObject\",\"inLanguage\":\"it-IT\",\"@id\":\"https:\\\/\\\/ferraronisignature.com\\\/madtest\\\/#\\\/schema\\\/logo\\\/image\\\/\",\"url\":\"https:\\\/\\\/ferraronisignature.com\\\/madtest\\\/wp-content\\\/uploads\\\/2025\\\/01\\\/logo_ferraroniBig.png\",\"contentUrl\":\"https:\\\/\\\/ferraronisignature.com\\\/madtest\\\/wp-content\\\/uploads\\\/2025\\\/01\\\/logo_ferraroniBig.png\",\"width\":1200,\"height\":630,\"caption\":\"Ferraroni Signature Hair Spa\"},\"image\":{\"@id\":\"https:\\\/\\\/ferraronisignature.com\\\/madtest\\\/#\\\/schema\\\/logo\\\/image\\\/\"},\"sameAs\":[\"https:\\\/\\\/www.facebook.com\\\/ferraronisignaturehairspa\\\/\",\"https:\\\/\\\/www.instagram.com\\\/ferraronisignaturehairspa\\\/\",\"https:\\\/\\\/www.youtube.com\\\/@ferraronisignaturehairspa\"]}]}<\/script>\n<!-- \/ Yoast SEO plugin. -->","yoast_head_json":{"title":"Luce di serenit\u00e0 - Ferraroni Signature","description":"Luce di serenit\u00e0 \u00e8 un trattamento che rilassa i muscoli di tutto il corpo rendendo il momento coinvolgente per i nostri 5 sensi.","robots":{"index":"index","follow":"follow","max-snippet":"max-snippet:-1","max-image-preview":"max-image-preview:large","max-video-preview":"max-video-preview:-1"},"canonical":"https:\/\/ferraronisignature.com\/madtest\/luce-di-serenita\/","og_locale":"it_IT","og_type":"article","og_title":"Luce di serenit\u00e0 - Ferraroni Signature","og_description":"Luce di serenit\u00e0 \u00e8 un trattamento che rilassa i muscoli di tutto il corpo rendendo il momento coinvolgente per i nostri 5 sensi.","og_url":"https:\/\/ferraronisignature.com\/madtest\/luce-di-serenita\/","og_site_name":"Ferraroni Signature","article_publisher":"https:\/\/www.facebook.com\/ferraronisignaturehairspa\/","article_modified_time":"2026-04-13T06:46:06+00:00","og_image":[{"url":"https:\/\/ferraronisignature.com\/madtest\/wp-content\/uploads\/2024\/12\/1-4.jpg","type":"","width":"","height":""}],"twitter_card":"summary_large_image","twitter_misc":{"Tempo di lettura stimato":"1 minuto"},"schema":{"@context":"https:\/\/schema.org","@graph":[{"@type":"WebPage","@id":"https:\/\/ferraronisignature.com\/madtest\/luce-di-serenita\/","url":"https:\/\/ferraronisignature.com\/madtest\/luce-di-serenita\/","name":"Luce di serenit\u00e0 - Ferraroni Signature","isPartOf":{"@id":"https:\/\/ferraronisignature.com\/madtest\/#website"},"primaryImageOfPage":{"@id":"https:\/\/ferraronisignature.com\/madtest\/luce-di-serenita\/#primaryimage"},"image":{"@id":"https:\/\/ferraronisignature.com\/madtest\/luce-di-serenita\/#primaryimage"},"thumbnailUrl":"https:\/\/ferraronisignature.com\/madtest\/wp-content\/uploads\/2024\/12\/1-4.jpg","datePublished":"2025-01-24T13:44:28+00:00","dateModified":"2026-04-13T06:46:06+00:00","description":"Luce di serenit\u00e0 \u00e8 un trattamento che rilassa i muscoli di tutto il corpo rendendo il momento coinvolgente per i nostri 5 sensi.","breadcrumb":{"@id":"https:\/\/ferraronisignature.com\/madtest\/luce-di-serenita\/#breadcrumb"},"inLanguage":"it-IT","potentialAction":[{"@type":"ReadAction","target":["https:\/\/ferraronisignature.com\/madtest\/luce-di-serenita\/"]}]},{"@type":"ImageObject","inLanguage":"it-IT","@id":"https:\/\/ferraronisignature.com\/madtest\/luce-di-serenita\/#primaryimage","url":"https:\/\/ferraronisignature.com\/madtest\/wp-content\/uploads\/2024\/12\/1-4.jpg","contentUrl":"https:\/\/ferraronisignature.com\/madtest\/wp-content\/uploads\/2024\/12\/1-4.jpg","width":900,"height":506,"caption":"Luce di serenit\u00e0 - Light of Serenity"},{"@type":"BreadcrumbList","@id":"https:\/\/ferraronisignature.com\/madtest\/luce-di-serenita\/#breadcrumb","itemListElement":[{"@type":"ListItem","position":1,"name":"Home","item":"https:\/\/ferraronisignature.com\/"},{"@type":"ListItem","position":2,"name":"Luce di serenit\u00e0"}]},{"@type":"WebSite","@id":"https:\/\/ferraronisignature.com\/madtest\/#website","url":"https:\/\/ferraronisignature.com\/madtest\/","name":"Ferraroni Signature Hair Spa","description":"La prima Hair Spa dedicata ai capelli in Italia","publisher":{"@id":"https:\/\/ferraronisignature.com\/madtest\/#organization"},"alternateName":"Ferraroni Signature","potentialAction":[{"@type":"SearchAction","target":{"@type":"EntryPoint","urlTemplate":"https:\/\/ferraronisignature.com\/madtest\/?s={search_term_string}"},"query-input":{"@type":"PropertyValueSpecification","valueRequired":true,"valueName":"search_term_string"}}],"inLanguage":"it-IT"},{"@type":"Organization","@id":"https:\/\/ferraronisignature.com\/madtest\/#organization","name":"Ferraroni Signature Hair Spa","alternateName":"Ferraroni Signature","url":"https:\/\/ferraronisignature.com\/madtest\/","logo":{"@type":"ImageObject","inLanguage":"it-IT","@id":"https:\/\/ferraronisignature.com\/madtest\/#\/schema\/logo\/image\/","url":"https:\/\/ferraronisignature.com\/madtest\/wp-content\/uploads\/2025\/01\/logo_ferraroniBig.png","contentUrl":"https:\/\/ferraronisignature.com\/madtest\/wp-content\/uploads\/2025\/01\/logo_ferraroniBig.png","width":1200,"height":630,"caption":"Ferraroni Signature Hair Spa"},"image":{"@id":"https:\/\/ferraronisignature.com\/madtest\/#\/schema\/logo\/image\/"},"sameAs":["https:\/\/www.facebook.com\/ferraronisignaturehairspa\/","https:\/\/www.instagram.com\/ferraronisignaturehairspa\/","https:\/\/www.youtube.com\/@ferraronisignaturehairspa"]}]}},"_links":{"self":[{"href":"https:\/\/ferraronisignature.com\/madtest\/wp-json\/wp\/v2\/pages\/7870","targetHints":{"allow":["GET"]}}],"collection":[{"href":"https:\/\/ferraronisignature.com\/madtest\/wp-json\/wp\/v2\/pages"}],"about":[{"href":"https:\/\/ferraronisignature.com\/madtest\/wp-json\/wp\/v2\/types\/page"}],"author":[{"embeddable":true,"href":"https:\/\/ferraronisignature.com\/madtest\/wp-json\/wp\/v2\/users\/1"}],"replies":[{"embeddable":true,"href":"https:\/\/ferraronisignature.com\/madtest\/wp-json\/wp\/v2\/comments?post=7870"}],"version-history":[{"count":75,"href":"https:\/\/ferraronisignature.com\/madtest\/wp-json\/wp\/v2\/pages\/7870\/revisions"}],"predecessor-version":[{"id":10999,"href":"https:\/\/ferraronisignature.com\/madtest\/wp-json\/wp\/v2\/pages\/7870\/revisions\/10999"}],"wp:attachment":[{"href":"https:\/\/ferraronisignature.com\/madtest\/wp-json\/wp\/v2\/media?parent=7870"}],"curies":[{"name":"wp","href":"https:\/\/api.w.org\/{rel}","templated":true}]}}