{"id":5146,"date":"2024-11-19T13:48:07","date_gmt":"2024-11-19T13:48:07","guid":{"rendered":"https:\/\/ferraronisignature.com\/madtest\/?post_type=product&#038;p=5146"},"modified":"2026-03-31T09:09:18","modified_gmt":"2026-03-31T09:09:18","slug":"for-man","status":"publish","type":"product","link":"https:\/\/ferraronisignature.com\/madtest\/prodotto\/for-man\/","title":{"rendered":"For Man"},"content":{"rendered":"<p style=\"text-align: justify;\">Concediti un\u2019esperienza di puro benessere, pensata appositamente per chi cerca un momento di relax profondo. Il nostro rituale di bellezza, <em>for man<\/em>, sfrutta il potere antiossidante del vino del Chianti per offrirti una cura totale. I tuoi capelli ritroveranno forza e lucentezza grazie a detergenti e maschere nutrienti, ideali per il cuoio capelluto maschile. Un rituale specifico che favorisce la salute dei tuoi capelli, lasciandoli pi\u00f9 vitali e luminosi.<\/p>\n<p style=\"text-align: justify;\">L\u2019esperienza <em>for man<\/em> continua con un massaggio corpo rilassante, eseguito con olio di vinacciolo, completamente naturale. Questo olio \u00e8 noto per le sue propriet\u00e0 nutrienti e idratanti, ed \u00e8 perfetto per sciogliere le tensioni muscolari accumulate durante la giornata. Ogni movimento del massaggio aiuter\u00e0 a rilassare il corpo e a stimolare la circolazione, lasciandoti una sensazione di leggerezza e tranquillit\u00e0.<\/p>\n<p style=\"text-align: justify;\">Per un rituale <em>for man<\/em> che stimola mente e corpo, ti invitiamo a immergerti nella nostra Stanza Oro. Disteso su un lettino ad acqua riscaldato a 38\u00b0C, avrai la possibilit\u00e0 di godere dei benefici dell\u2019idroterapia e della musicoterapia, che ti aiuteranno a raggiungere un livello di relax profondo. L\u2019ambiente \u00e8 progettato per offrire un\u2019armonia totale, favorendo la distensione e il recupero delle energie.<\/p>\n<p style=\"text-align: justify;\">La magia dell\u2019esperienza <em>for man<\/em> si completa con il \u201ccube\u201d di sale dell\u2019Himalaya, che crea un\u2019atmosfera cromoterapica unica, favorendo il benessere generale. I benefici della luce colorata, insieme all\u2019effetto rilassante del sale, ti guideranno verso un completo recupero. Per concludere il rituale, potrai sorseggiare un pregiato calice di vino del Chianti nella nostra Lounge, regalando al tuo corpo e alla tua mente un momento finale di totale rigenerazione e piacere. Un\u2019esperienza perfetta per chi cerca il massimo del relax.<\/p>\n","protected":false},"excerpt":{"rendered":"<ul>\n<li><em><strong><span class=\"a_GcMg font-feature-liga-off font-feature-clig-off font-feature-calt-off text-decoration-none text-strikethrough-none\">Massaggio corpo decontratturante<\/span><\/strong><\/em><\/li>\n<li><strong><em><span class=\"fontstyle0\">Rituale hair Wine therapy<\/span><\/em><\/strong><\/li>\n<li><strong><em><span class=\"fontstyle0\">Momento Himalaya<\/span><\/em><\/strong><\/li>\n<li><em><strong><span class=\"fontstyle0\">Degustazione vino<\/span><\/strong><br \/>\n<\/em><\/li>\n<li><em><strong><span class=\"a_GcMg font-feature-liga-off font-feature-clig-off font-feature-calt-off text-decoration-none text-strikethrough-none\">Asciugatura uomo<\/span><\/strong><\/em><\/li>\n<\/ul>\n<p class=\"cvGsUA direction-ltr align-justify para-style-body\" style=\"text-align: justify;\"><span class=\"a_GcMg font-feature-liga-off font-feature-clig-off font-feature-calt-off text-decoration-none text-strikethrough-none\">Un rituale di puro relax che sprigiona il potere antiossidante del vino. I capelli ritrovano forza e lucentezza grazie a trattamenti nutrienti e delicati. <\/span><span class=\"a_GcMg font-feature-liga-off font-feature-clig-off font-feature-calt-off text-decoration-none text-strikethrough-none\">Il percorso continua con un massaggio corpo, che scioglie le tensioni e favorisce il benessere. <\/span><span class=\"a_GcMg font-feature-liga-off font-feature-clig-off font-feature-calt-off text-decoration-none text-strikethrough-none\">Nella stanza \u201cOro\u201d, su un lettino ad acqua riscaldato a 38\u00b0, idro e musicoterapia avvolgono i sensi, mentre il \u201ccube\u201d di sale dell\u2019Himalaya crea un\u2019atmosfera cromoterapica rilassante <\/span><span class=\"a_GcMg font-feature-liga-off font-feature-clig-off font-feature-calt-off text-decoration-none text-strikethrough-none\">A concludere, una degustazione di vino dello stesso vitigno, per un momento totalmente rigenerante.<\/span><\/p>\n<p>&nbsp;<\/p>\n<p><strong>\u20ac 219,00<\/strong><\/p>\n<p><a style=\"display: inline-block; margin-top: 20px; padding: 12px 24px; background-color: #000000; color: #ffffff; text-decoration: none; border-radius: 6px; font-weight: normal; font-size: 15px; font-family: 'Jost', sans-serif; transition: background-color 0.3s ease;\" href=\"https:\/\/ferraronisignature.com\/acquista-la-tua-esperienza\/\">Acquista esperienza<\/a><\/p>\n","protected":false},"featured_media":5223,"template":"","meta":{"_acf_changed":false,"inline_featured_image":false,"_joinchat":[]},"product_brand":[],"product_cat":[430],"product_tag":[573,563,583,567,585,571,569,579,577,587,565,575],"class_list":{"0":"post-5146","1":"product","2":"type-product","3":"status-publish","4":"has-post-thumbnail","6":"product_cat-uomo-it","7":"product_tag-benessere","8":"product_tag-capelli","9":"product_tag-corpo","10":"product_tag-cura-dei-capelli","11":"product_tag-cura-del-corpo","12":"product_tag-hair-spa","13":"product_tag-hair-styling","14":"product_tag-massaggio","15":"product_tag-prodotti-naturali-per-capelli","16":"product_tag-relax","17":"product_tag-rituale-per-capelli","18":"product_tag-spa-matera","20":"first","21":"instock","22":"shipping-taxable","23":"product-type-simple"},"acf":[],"yoast_head":"<!-- This site is optimized with the Yoast SEO plugin v27.5 - https:\/\/yoast.com\/product\/yoast-seo-wordpress\/ -->\n<title>For Man - Ferraroni Signature<\/title>\n<meta name=\"description\" content=\"Concediti il rituale For Man. Un&#039;esperienza di puro benessere, pensata appositamente per chi cerca un momento di relax profondo\" \/>\n<meta name=\"robots\" content=\"index, follow, max-snippet:-1, max-image-preview:large, max-video-preview:-1\" \/>\n<link rel=\"canonical\" href=\"https:\/\/ferraronisignature.com\/madtest\/prodotto\/for-man\/\" \/>\n<meta property=\"og:locale\" content=\"it_IT\" \/>\n<meta property=\"og:type\" content=\"article\" \/>\n<meta property=\"og:title\" content=\"For Man - Ferraroni Signature\" \/>\n<meta property=\"og:description\" content=\"Concediti il rituale For Man. Un&#039;esperienza di puro benessere, pensata appositamente per chi cerca un momento di relax profondo\" \/>\n<meta property=\"og:url\" content=\"https:\/\/ferraronisignature.com\/madtest\/prodotto\/for-man\/\" \/>\n<meta property=\"og:site_name\" content=\"Ferraroni Signature\" \/>\n<meta property=\"article:publisher\" content=\"https:\/\/www.facebook.com\/ferraronisignaturehairspa\/\" \/>\n<meta property=\"article:modified_time\" content=\"2026-03-31T09:09:18+00:00\" \/>\n<meta property=\"og:image\" content=\"https:\/\/ferraronisignature.com\/madtest\/wp-content\/uploads\/2024\/11\/F-O-R-MA-N.jpg\" \/>\n\t<meta property=\"og:image:width\" content=\"974\" \/>\n\t<meta property=\"og:image:height\" content=\"626\" \/>\n\t<meta property=\"og:image:type\" content=\"image\/jpeg\" \/>\n<meta name=\"twitter:card\" content=\"summary_large_image\" \/>\n<meta name=\"twitter:label1\" content=\"Tempo di lettura stimato\" \/>\n\t<meta name=\"twitter:data1\" content=\"2 minuti\" \/>\n<script type=\"application\/ld+json\" class=\"yoast-schema-graph\">{\"@context\":\"https:\\\/\\\/schema.org\",\"@graph\":[{\"@type\":\"WebPage\",\"@id\":\"https:\\\/\\\/ferraronisignature.com\\\/madtest\\\/prodotto\\\/for-man\\\/\",\"url\":\"https:\\\/\\\/ferraronisignature.com\\\/madtest\\\/prodotto\\\/for-man\\\/\",\"name\":\"For Man - Ferraroni Signature\",\"isPartOf\":{\"@id\":\"https:\\\/\\\/ferraronisignature.com\\\/madtest\\\/#website\"},\"primaryImageOfPage\":{\"@id\":\"https:\\\/\\\/ferraronisignature.com\\\/madtest\\\/prodotto\\\/for-man\\\/#primaryimage\"},\"image\":{\"@id\":\"https:\\\/\\\/ferraronisignature.com\\\/madtest\\\/prodotto\\\/for-man\\\/#primaryimage\"},\"thumbnailUrl\":\"https:\\\/\\\/ferraronisignature.com\\\/madtest\\\/wp-content\\\/uploads\\\/2024\\\/11\\\/F-O-R-MA-N.jpg\",\"datePublished\":\"2024-11-19T13:48:07+00:00\",\"dateModified\":\"2026-03-31T09:09:18+00:00\",\"description\":\"Concediti il rituale For Man. Un'esperienza di puro benessere, pensata appositamente per chi cerca un momento di relax profondo\",\"breadcrumb\":{\"@id\":\"https:\\\/\\\/ferraronisignature.com\\\/madtest\\\/prodotto\\\/for-man\\\/#breadcrumb\"},\"inLanguage\":\"it-IT\",\"potentialAction\":[{\"@type\":\"ReadAction\",\"target\":[\"https:\\\/\\\/ferraronisignature.com\\\/madtest\\\/prodotto\\\/for-man\\\/\"]}]},{\"@type\":\"ImageObject\",\"inLanguage\":\"it-IT\",\"@id\":\"https:\\\/\\\/ferraronisignature.com\\\/madtest\\\/prodotto\\\/for-man\\\/#primaryimage\",\"url\":\"https:\\\/\\\/ferraronisignature.com\\\/madtest\\\/wp-content\\\/uploads\\\/2024\\\/11\\\/F-O-R-MA-N.jpg\",\"contentUrl\":\"https:\\\/\\\/ferraronisignature.com\\\/madtest\\\/wp-content\\\/uploads\\\/2024\\\/11\\\/F-O-R-MA-N.jpg\",\"width\":974,\"height\":626,\"caption\":\"for man\"},{\"@type\":\"BreadcrumbList\",\"@id\":\"https:\\\/\\\/ferraronisignature.com\\\/madtest\\\/prodotto\\\/for-man\\\/#breadcrumb\",\"itemListElement\":[{\"@type\":\"ListItem\",\"position\":1,\"name\":\"Home\",\"item\":\"https:\\\/\\\/ferraronisignature.com\\\/\"},{\"@type\":\"ListItem\",\"position\":2,\"name\":\"Esperienze\",\"item\":\"https:\\\/\\\/ferraronisignature.com\\\/madtest\\\/esperienze\\\/\"},{\"@type\":\"ListItem\",\"position\":3,\"name\":\"Uomo\",\"item\":\"https:\\\/\\\/ferraronisignature.com\\\/madtest\\\/product-category\\\/uomo-it\\\/\"},{\"@type\":\"ListItem\",\"position\":4,\"name\":\"For Man\"}]},{\"@type\":\"WebSite\",\"@id\":\"https:\\\/\\\/ferraronisignature.com\\\/madtest\\\/#website\",\"url\":\"https:\\\/\\\/ferraronisignature.com\\\/madtest\\\/\",\"name\":\"Ferraroni Signature Hair Spa\",\"description\":\"La prima Hair Spa dedicata ai capelli in Italia\",\"publisher\":{\"@id\":\"https:\\\/\\\/ferraronisignature.com\\\/madtest\\\/#organization\"},\"alternateName\":\"Ferraroni Signature\",\"potentialAction\":[{\"@type\":\"SearchAction\",\"target\":{\"@type\":\"EntryPoint\",\"urlTemplate\":\"https:\\\/\\\/ferraronisignature.com\\\/madtest\\\/?s={search_term_string}\"},\"query-input\":{\"@type\":\"PropertyValueSpecification\",\"valueRequired\":true,\"valueName\":\"search_term_string\"}}],\"inLanguage\":\"it-IT\"},{\"@type\":\"Organization\",\"@id\":\"https:\\\/\\\/ferraronisignature.com\\\/madtest\\\/#organization\",\"name\":\"Ferraroni Signature Hair Spa\",\"alternateName\":\"Ferraroni Signature\",\"url\":\"https:\\\/\\\/ferraronisignature.com\\\/madtest\\\/\",\"logo\":{\"@type\":\"ImageObject\",\"inLanguage\":\"it-IT\",\"@id\":\"https:\\\/\\\/ferraronisignature.com\\\/madtest\\\/#\\\/schema\\\/logo\\\/image\\\/\",\"url\":\"https:\\\/\\\/ferraronisignature.com\\\/madtest\\\/wp-content\\\/uploads\\\/2025\\\/01\\\/logo_ferraroniBig.png\",\"contentUrl\":\"https:\\\/\\\/ferraronisignature.com\\\/madtest\\\/wp-content\\\/uploads\\\/2025\\\/01\\\/logo_ferraroniBig.png\",\"width\":1200,\"height\":630,\"caption\":\"Ferraroni Signature Hair Spa\"},\"image\":{\"@id\":\"https:\\\/\\\/ferraronisignature.com\\\/madtest\\\/#\\\/schema\\\/logo\\\/image\\\/\"},\"sameAs\":[\"https:\\\/\\\/www.facebook.com\\\/ferraronisignaturehairspa\\\/\",\"https:\\\/\\\/www.instagram.com\\\/ferraronisignaturehairspa\\\/\",\"https:\\\/\\\/www.youtube.com\\\/@ferraronisignaturehairspa\"]}]}<\/script>\n<!-- \/ Yoast SEO plugin. -->","yoast_head_json":{"title":"For Man - Ferraroni Signature","description":"Concediti il rituale For Man. Un'esperienza di puro benessere, pensata appositamente per chi cerca un momento di relax profondo","robots":{"index":"index","follow":"follow","max-snippet":"max-snippet:-1","max-image-preview":"max-image-preview:large","max-video-preview":"max-video-preview:-1"},"canonical":"https:\/\/ferraronisignature.com\/madtest\/prodotto\/for-man\/","og_locale":"it_IT","og_type":"article","og_title":"For Man - Ferraroni Signature","og_description":"Concediti il rituale For Man. Un'esperienza di puro benessere, pensata appositamente per chi cerca un momento di relax profondo","og_url":"https:\/\/ferraronisignature.com\/madtest\/prodotto\/for-man\/","og_site_name":"Ferraroni Signature","article_publisher":"https:\/\/www.facebook.com\/ferraronisignaturehairspa\/","article_modified_time":"2026-03-31T09:09:18+00:00","og_image":[{"width":974,"height":626,"url":"https:\/\/ferraronisignature.com\/madtest\/wp-content\/uploads\/2024\/11\/F-O-R-MA-N.jpg","type":"image\/jpeg"}],"twitter_card":"summary_large_image","twitter_misc":{"Tempo di lettura stimato":"2 minuti"},"schema":{"@context":"https:\/\/schema.org","@graph":[{"@type":"WebPage","@id":"https:\/\/ferraronisignature.com\/madtest\/prodotto\/for-man\/","url":"https:\/\/ferraronisignature.com\/madtest\/prodotto\/for-man\/","name":"For Man - Ferraroni Signature","isPartOf":{"@id":"https:\/\/ferraronisignature.com\/madtest\/#website"},"primaryImageOfPage":{"@id":"https:\/\/ferraronisignature.com\/madtest\/prodotto\/for-man\/#primaryimage"},"image":{"@id":"https:\/\/ferraronisignature.com\/madtest\/prodotto\/for-man\/#primaryimage"},"thumbnailUrl":"https:\/\/ferraronisignature.com\/madtest\/wp-content\/uploads\/2024\/11\/F-O-R-MA-N.jpg","datePublished":"2024-11-19T13:48:07+00:00","dateModified":"2026-03-31T09:09:18+00:00","description":"Concediti il rituale For Man. Un'esperienza di puro benessere, pensata appositamente per chi cerca un momento di relax profondo","breadcrumb":{"@id":"https:\/\/ferraronisignature.com\/madtest\/prodotto\/for-man\/#breadcrumb"},"inLanguage":"it-IT","potentialAction":[{"@type":"ReadAction","target":["https:\/\/ferraronisignature.com\/madtest\/prodotto\/for-man\/"]}]},{"@type":"ImageObject","inLanguage":"it-IT","@id":"https:\/\/ferraronisignature.com\/madtest\/prodotto\/for-man\/#primaryimage","url":"https:\/\/ferraronisignature.com\/madtest\/wp-content\/uploads\/2024\/11\/F-O-R-MA-N.jpg","contentUrl":"https:\/\/ferraronisignature.com\/madtest\/wp-content\/uploads\/2024\/11\/F-O-R-MA-N.jpg","width":974,"height":626,"caption":"for man"},{"@type":"BreadcrumbList","@id":"https:\/\/ferraronisignature.com\/madtest\/prodotto\/for-man\/#breadcrumb","itemListElement":[{"@type":"ListItem","position":1,"name":"Home","item":"https:\/\/ferraronisignature.com\/"},{"@type":"ListItem","position":2,"name":"Esperienze","item":"https:\/\/ferraronisignature.com\/madtest\/esperienze\/"},{"@type":"ListItem","position":3,"name":"Uomo","item":"https:\/\/ferraronisignature.com\/madtest\/product-category\/uomo-it\/"},{"@type":"ListItem","position":4,"name":"For Man"}]},{"@type":"WebSite","@id":"https:\/\/ferraronisignature.com\/madtest\/#website","url":"https:\/\/ferraronisignature.com\/madtest\/","name":"Ferraroni Signature Hair Spa","description":"La prima Hair Spa dedicata ai capelli in Italia","publisher":{"@id":"https:\/\/ferraronisignature.com\/madtest\/#organization"},"alternateName":"Ferraroni Signature","potentialAction":[{"@type":"SearchAction","target":{"@type":"EntryPoint","urlTemplate":"https:\/\/ferraronisignature.com\/madtest\/?s={search_term_string}"},"query-input":{"@type":"PropertyValueSpecification","valueRequired":true,"valueName":"search_term_string"}}],"inLanguage":"it-IT"},{"@type":"Organization","@id":"https:\/\/ferraronisignature.com\/madtest\/#organization","name":"Ferraroni Signature Hair Spa","alternateName":"Ferraroni Signature","url":"https:\/\/ferraronisignature.com\/madtest\/","logo":{"@type":"ImageObject","inLanguage":"it-IT","@id":"https:\/\/ferraronisignature.com\/madtest\/#\/schema\/logo\/image\/","url":"https:\/\/ferraronisignature.com\/madtest\/wp-content\/uploads\/2025\/01\/logo_ferraroniBig.png","contentUrl":"https:\/\/ferraronisignature.com\/madtest\/wp-content\/uploads\/2025\/01\/logo_ferraroniBig.png","width":1200,"height":630,"caption":"Ferraroni Signature Hair Spa"},"image":{"@id":"https:\/\/ferraronisignature.com\/madtest\/#\/schema\/logo\/image\/"},"sameAs":["https:\/\/www.facebook.com\/ferraronisignaturehairspa\/","https:\/\/www.instagram.com\/ferraronisignaturehairspa\/","https:\/\/www.youtube.com\/@ferraronisignaturehairspa"]}]}},"_links":{"self":[{"href":"https:\/\/ferraronisignature.com\/madtest\/wp-json\/wp\/v2\/product\/5146","targetHints":{"allow":["GET"]}}],"collection":[{"href":"https:\/\/ferraronisignature.com\/madtest\/wp-json\/wp\/v2\/product"}],"about":[{"href":"https:\/\/ferraronisignature.com\/madtest\/wp-json\/wp\/v2\/types\/product"}],"version-history":[{"count":10,"href":"https:\/\/ferraronisignature.com\/madtest\/wp-json\/wp\/v2\/product\/5146\/revisions"}],"predecessor-version":[{"id":10896,"href":"https:\/\/ferraronisignature.com\/madtest\/wp-json\/wp\/v2\/product\/5146\/revisions\/10896"}],"wp:featuredmedia":[{"embeddable":true,"href":"https:\/\/ferraronisignature.com\/madtest\/wp-json\/wp\/v2\/media\/5223"}],"wp:attachment":[{"href":"https:\/\/ferraronisignature.com\/madtest\/wp-json\/wp\/v2\/media?parent=5146"}],"wp:term":[{"taxonomy":"product_brand","embeddable":true,"href":"https:\/\/ferraronisignature.com\/madtest\/wp-json\/wp\/v2\/product_brand?post=5146"},{"taxonomy":"product_cat","embeddable":true,"href":"https:\/\/ferraronisignature.com\/madtest\/wp-json\/wp\/v2\/product_cat?post=5146"},{"taxonomy":"product_tag","embeddable":true,"href":"https:\/\/ferraronisignature.com\/madtest\/wp-json\/wp\/v2\/product_tag?post=5146"}],"curies":[{"name":"wp","href":"https:\/\/api.w.org\/{rel}","templated":true}]}}